t x(c) = 854*c - 902. What is the tens digit of x(5)?
6
Let q = 3 + 31. Let h be (q/(-4))/((-1)/20*-2). What is the tens digit of (h/50*4)/(2/(-20))?
6
Let a = 22 + 926. Suppose -4*q - 2*g = -q - a, -5*g = q - 303. What is the tens digit of q?
1
What is the thousands digit of 2 + (-67406)/(-14) + -31 + (-3504)/(-112)?
4
Suppose 165*d = 249*d - 665868. What is the thousands digit of d?
7
Let k = 29196 - 23193. What is the hundreds digit of k?
0
What is the tens digit of (-2901*(-332)/56 + (-4)/14)*2?
9
Let t be (-17318)/(-266) + 4/(-38). Suppose -t = -4*z - p - 0*p, 0 = -z - 4*p + 35. Let k(d) = 14*d + 15. What is the tens digit of k(z)?
2
Let w(x) be the third derivative of -3*x**4/8 + 8*x**3/3 - 5*x**2. Let d be w(-11). Suppose 4*r - 9 = d. What is the tens digit of r?
3
Suppose l - 4*n = 76919, 4*l - 307436 = -17*n + 3*n. What is the hundreds digit of l?
8
Suppose 33 = j - 2*w, 5*w - 7*w = -3*j + 119. Let i(t) = t**3 - 45*t**2 + 103*t. What is the units digit of i(j)?
1
Let y(j) = -j**2 + 7*j - 2. Let o be y(6). Suppose o*u - 18 = 3*m + u, -u + 2 = 0. Let a(p) = 3*p**2 - 7*p - 5. What is the units digit of a(m)?
1
Let n = 13741 + -6119. What is the units digit of n?
2
Suppose 7*i + 13 = -6*i. Let j be (12/(-18))/(i/(-3)). What is the units digit of (-2060)/(-12) + 7 + j/(-6)?
9
Suppose -34*x + 20*x - 38895 = -237415. What is the thousands digit of x?
4
Let d(c) = -c**3 - 8*c**2 - 19*c - 37. Let x be d(-11). Let h = x - 317. What is the tens digit of h?
1
Suppose -4*a + 6804 = 2308. Let d = -716 + a. What is the hundreds digit of d?
4
Suppose -17*j = -a - 15*j + 32585, -a - j + 32600 = 0. What is the ten thousands digit of a?
3
Let z(g) = -320*g + 657. What is the units digit of z(-16)?
7
Suppose -111*q + 88*q + 155802 = 0. What is the units digit of q?
4
Let a(v) = v**3 - v**2 + 60. Let z(m) = m**3 - 8*m**2 + 2. Let k be z(8). Suppose k*d + 0*d = 6*d. What is the units digit of a(d)?
0
Suppose 3*z - 36 = -21. What is the units digit of 10/z + 720 - (-8)/4?
4
Suppose 101*o = -289*o + 11928930. What is the ten thousands digit of o?
3
Let s(n) = 307*n**2 - 1 + 10*n - 13*n + 560*n**2. What is the tens digit of s(-1)?
6
Let w = -517 - -14652. What is the hundreds digit of w?
1
Suppose -4511*q - 1245760 = -4551*q. What is the thousands digit of q?
1
Let g = -314 + 318. Suppose 2*x = 4*x + g*f - 716, 5*f = x - 386. What is the units digit of x?
6
Suppose -5*a - 5*x + 16724 = -x, x - 1 = 0. What is the hundreds digit of a?
3
Suppose -4*c - 35 = -3*t, 3*t + 3*c - c - 5 = 0. Suppose 5*v + 19*q - 930 = 24*q, 0 = 2*v - t*q - 378. What is the hundreds digit of v?
1
Let r(z) = 68*z + 1253. What is the hundreds digit of r(-9)?
6
Let p(l) be the second derivative of -122*l**3/3 - l**2 + 9*l - 9. What is the thousands digit of p(-6)?
1
Let w be (-7*(-1)/(-2))/(2/12). Let k = -39 - w. What is the units digit of (-4)/k + (-4854)/(-27) + 0?
0
Let k be 11*3*3/18*-3542. What is the units digit of (-1)/3 + k/(-33) - 4?
6
Let z(a) = -a + 20. Suppose -3*w + 4*c = -w - 4, -4 = -5*w + 4*c. Let y be z(w). What is the hundreds digit of 25/(8/y*2/4)?
1
Let u = -13396 + 13707. What is the hundreds digit of u?
3
Suppose -61015 = -52*s - 9*s + 8586. What is the units digit of s?
1
Let u(n) = 2*n + 52. Let s be u(-11). What is the tens digit of 7218/s - (-4)/10?
4
Let m = -34 + 36. Let f be (-2)/m*0/8. Suppose f = 3*w - n - 25, -3*w = 5*n - 6 - 13. What is the units digit of w?
8
Let v = 13 + -17. Let z(m) be the first derivative of 5*m**3/3 - m**2 - 3*m - 1. What is the tens digit of z(v)?
8
Let n(q) = -32*q**3 - 11*q**2 - 18*q - 9 + 13*q**3 + 20*q**3 + 38. What is the tens digit of n(13)?
3
Let a(u) be the second derivative of -u**4/12 - 2*u**3 + 13*u**2 - 34*u. Let n be a(-13). Let d = n - -128. What is the units digit of d?
1
Suppose -4*i + 2*d = -1416, 3*i - 4*i + 4*d = -354. What is the hundreds digit of (0 - 24/(-8))*i?
0
Let k be 52/(-650) - 39004/(-50). Let u = -418 + k. What is the tens digit of u?
6
Suppose 2*b + 2*f - 1510 = 6*f, 3*f + 3020 = 4*b. Let p = 1328 - b. What is the units digit of p?
3
Let v(r) = -15*r - 102. Let z be v(-7). Suppose -z*o + 401 = -g, 0*o + 3*o - 386 = -2*g. What is the units digit of o?
2
What is the tens digit of (-4)/12 + 46858/21?
3
Let r(o) = 3*o**3 - 13*o**2 + 15*o - 51. What is the thousands digit of r(10)?
1
Let u(v) = -v**2 - v + 3. Let i be u(0). Suppose i*z = 5*z - 92. What is the units digit of -2 + z + (-8)/(-4)?
6
Let q(k) = -4*k + 35. Let f be q(8). Let d be -20*(-6)/15 - f/1. Suppose 2*p = d*p - 369. What is the hundreds digit of p?
1
Suppose 0 = 81*k - 128*k + 22654. What is the hundreds digit of k?
4
Suppose -29289 + 226341 = 25*t - 18123. What is the units digit of t?
7
Suppose 5*o + 2*t = 25 + 436, 2*t + 4 = 0. What is the units digit of o - 1/(-10)*6*-5?
0
Let s(c) = 2*c**2 - 6*c**2 - 2*c**3 - 9 - c**2 - 7*c + 0*c**2. Let f = 939 + -942. What is the units digit of s(f)?
1
Let m = 1951 + -1952. Let x(j) = 2 - 122*j - 1 - 4. What is the hundreds digit of x(m)?
1
Let b be (1 - 5)*1*36/(-36). Suppose -2*u + b = -u, 3*n - 8 = u. Let l = n - -31. What is the tens digit of l?
3
Suppose -144596 = -82*a + 78*a + 4*t, 4*a = -3*t + 144603. What is the hundreds digit of a?
1
Let k = -34022 + 73865. What is the hundreds digit of k?
8
Suppose -88307 + 3828116 = 246*u - 1465305. What is the hundreds digit of u?
1
Let z(a) = a**3 + 13*a**2 + 21*a - 11. Suppose -2*t - 35 = 5*x, x - 5*x + 5*t - 61 = 0. Let u be z(x). Let b = 235 - u. What is the units digit of b?
1
Suppose -q = 4*l + 31, -18 = 3*l + 5*q + 1. What is the units digit of (-1 + 8)/(l/(-256))?
4
Suppose -2*v - 67 = -3*v - 3*f, 0 = -3*v - f + 193. Let y = 64 - v. Suppose -x - 5*m + 200 = 0, 3*x - 3*m + 2*m - 568 = y. What is the hundreds digit of x?
1
Let s = -1451 - -10863. What is the units digit of s?
2
Suppose 9*y + 20*y = -27*y + 3671584. What is the units digit of y?
4
Let d = 4 - 38. Let l = 106 + d. Suppose 5*a - l = 3*a. What is the tens digit of a?
3
Let g(t) = -5*t**3 - 4*t**2 + 27*t - 98. What is the tens digit of g(-14)?
6
Suppose 16*s - 540339 = -20*s - 5*s. What is the hundreds digit of s?
1
Let b(t) = -273*t + 6564. What is the hundreds digit of b(20)?
1
Let j(r) = 1466*r - 16489. What is the hundreds digit of j(64)?
3
Let o(q) = -q**3 - 22*q**2 + 26*q + 71. Let d be o(-23). Suppose d*a + 0*p = -5*p + 733, 5*a - 5*p = 1780. What is the tens digit of a?
5
Let u(d) = -4*d - 189. Let k be u(-48). What is the tens digit of ((-271)/(-3))/(k + 34/(-12))?
4
Let m(n) be the first derivative of -n**4/4 + 3*n**3 - 3*n**2/2 - 15*n + 3. Let r = -38 - -45. What is the units digit of m(r)?
2
Suppose 3*h = 5*h + 4*n - 3082, 4*n = -h + 1547. Suppose 6*p - 757 = h. What is the tens digit of p?
8
Let p(h) = -3*h + h**2 + 1 + 9*h - 3*h. Let q be p(-4). Suppose -q*l + 346 = -74. What is the tens digit of l?
8
Let u(s) = 4*s**2 + 2*s + 9. Let z be u(-6). Let b = 4814 - 4810. Suppose -z = -b*r + 399. What is the hundreds digit of r?
1
Let d be 1809/3 - (-3 - -7 - 1). Let z = 1188 - d. What is the units digit of z?
8
Let a(f) = 43*f**2 - 2*f - 8*f - 3 - 3*f + 12*f. What is the hundreds digit of a(-2)?
1
What is the tens digit of 411/274*(-890)/(-12)*888/15?
8
Let h be 752/(-14) - (-2)/(-7). Let b(w) = -8*w - 12. Let t be b(-9). Let i = t + h. What is the units digit of i?
6
Let o be (5/2)/(60/72). Suppose o*j + 2085 = 8*j. What is the units digit of j?
7
Let s = -649 - -465. Let l = 738 + s. What is the tens digit of l?
5
What is the hundreds digit of (6 + 27256/(-16))/(4/(-8))?
3
Let q(j) = 27*j + 9. Let s(x) = -13*x - 5. Let a(t) = 3*q(t) + 5*s(t). Let i be (-5 - 8*(-10)/15)*3. What is the units digit of a(i)?
8
Let q be (-14)/(-56) + 75/(-12). Let i(v) = -v**3 + 12*v**2 + 11*v + 17. What is the tens digit of i(q)?
9
Suppose -2*q - 14 = -40. Let n(k) = 3*k**2 + 26*k - 26. What is the tens digit of n(q)?
1
Let y(h) = -2*h**2 + 26*h - 39. Let g be y(8). Suppose 4*w - 3398 = -2*a, 2*w - 42*a = -g*a + 1705. What is the tens digit of w?
5
Let h = -39 + 93. Suppose -6*c - h + 162 = 0. What is the units digit of c?
8
Let v(c) = 7*c + 22. Let q(h) = 6*h + 21. Let a be q(-4). Let d(t) = -8*t - 23. Let k(b) = a*d(b) - 4*v(b). What is the tens digit of k(-12)?
2
Let a = 73 + -69. Supp